{"id":101,"date":"2015-02-16T13:47:17","date_gmt":"2015-02-16T11:47:17","guid":{"rendered":"http:\/\/chorvereinkisdorf.webterrain.de\/wopr\/?page_id=101"},"modified":"2026-01-04T17:31:04","modified_gmt":"2026-01-04T15:31:04","slug":"links","status":"publish","type":"page","link":"https:\/\/chorvereinkisdorf.de\/wopr\/?page_id=101","title":{"rendered":"Links"},"content":{"rendered":"<p><a href=\"https:\/\/chorvereinkisdorf.de\/wopr\/?page_id=1495\" rel=\"noopener noreferrer\">Chor intern<\/a><\/p>\n<h2>Ch\u00f6re<\/h2>\n<p><a title=\"S\u00c3\u00a4ngerbund Schleswig-Holstein\" href=\"http:\/\/ssh-saengerbund.de\/\" target=\"_blank\" rel=\"noopener noreferrer\">S\u00e4ngerbund Schleswig-Holstein<\/a><\/p>\n<p><a title=\"Rhener Chor\" href=\"http:\/\/rhener-chor.de\/\" target=\"_blank\" rel=\"noopener noreferrer\">Rhener Chor <\/a><\/p>\n<p><a title=\"Gemischter CHor Pl\u00c3\u00b6n\" href=\"http:\/\/www.gemischter-chor-ploen.de\" target=\"_blank\" rel=\"noopener\">Gemischter Chor Pl\u00f6n<\/a><\/p>\n<p><a href=\"http:\/\/www.cantamus2001.de\/\" target=\"_blank\" rel=\"noopener\">CANTAMUS 2001 Elmshorn e.V.<\/a><\/p>\n<p><a href=\"http:\/\/popchor-e-motion.de\/\" target=\"_blank\" rel=\"noopener\">Popchor E-Motion<\/a><\/p>\n<p><a href=\"https:\/\/www.chor-kronshagen.de\/\" target=\"_blank\" rel=\"noopener\"><span class=\"einz50\">Chor Kronshagen<\/span><\/a><\/p>\n<h2>Veranstaltungen<\/h2>\n<p><a href=\"http:\/\/kukuhu-fest.de\/\" target=\"_blank\" rel=\"noopener\">KuKuHu<\/a><\/p>\n\n\n<p><\/p>\n","protected":false},"excerpt":{"rendered":"<p>Chor intern Ch\u00f6re S\u00e4ngerbund Schleswig-Holstein Rhener Chor Gemischter Chor Pl\u00f6n CANTAMUS 2001 Elmshorn e.V. Popchor E-Motion Chor Kronshagen Veranstaltungen KuKuHu<\/p>\n","protected":false},"author":1,"featured_media":0,"parent":0,"menu_order":0,"comment_status":"closed","ping_status":"closed","template":"","meta":{"_acf_changed":false,"footnotes":""},"class_list":["post-101","page","type-page","status-publish","hentry"],"acf":[],"_links":{"self":[{"href":"https:\/\/chorvereinkisdorf.de\/wopr\/index.php?rest_route=\/wp\/v2\/pages\/101","targetHints":{"allow":["GET"]}}],"collection":[{"href":"https:\/\/chorvereinkisdorf.de\/wopr\/index.php?rest_route=\/wp\/v2\/pages"}],"about":[{"href":"https:\/\/chorvereinkisdorf.de\/wopr\/index.php?rest_route=\/wp\/v2\/types\/page"}],"author":[{"embeddable":true,"href":"https:\/\/chorvereinkisdorf.de\/wopr\/index.php?rest_route=\/wp\/v2\/users\/1"}],"replies":[{"embeddable":true,"href":"https:\/\/chorvereinkisdorf.de\/wopr\/index.php?rest_route=%2Fwp%2Fv2%2Fcomments&post=101"}],"version-history":[{"count":13,"href":"https:\/\/chorvereinkisdorf.de\/wopr\/index.php?rest_route=\/wp\/v2\/pages\/101\/revisions"}],"predecessor-version":[{"id":1911,"href":"https:\/\/chorvereinkisdorf.de\/wopr\/index.php?rest_route=\/wp\/v2\/pages\/101\/revisions\/1911"}],"wp:attachment":[{"href":"https:\/\/chorvereinkisdorf.de\/wopr\/index.php?rest_route=%2Fwp%2Fv2%2Fmedia&parent=101"}],"curies":[{"name":"wp","href":"https:\/\/api.w.org\/{rel}","templated":true}]}}